 -14 - z. List the prime factors of o.
2
Let b = -524 - -1190. What are the prime factors of b?
2, 3, 37
Let m(g) = 2*g**2 + 12*g - 215. List the prime factors of m(-27).
919
Suppose -5*u - 46 = -2*f, -u + 24 = f + 1. What are the prime factors of f?
23
Let m = 15 + -10. What are the prime factors of (4/m)/((-14)/(-1295))?
2, 37
Let h(t) = 5*t - 13. Let g(v) = -v - 15. Let c = -54 + 34. Let j be g(c). List the prime factors of h(j).
2, 3
Suppose -14 + 5 = -3*y. Suppose -u - s - 16 = y*s, -2 = -u + 2*s. What are the prime factors of u*4/8 + 31?
29
Let s(n) = 12*n**3 + 3*n**2 + 8*n - 1. What are the prime factors of s(3)?
2, 11, 17
Let x(f) = 25*f**2 - f - 15. What are the prime factors of x(-3)?
3, 71
Let v(f) = 5*f**2 + f - 2. Let w(d) = d**2 + 5*d - 8. Let i be w(-6). List the prime factors of v(i).
2
Suppose 0 = 2*m + 3*m + 3*u - 10018, 0 = -3*u + 3. What are the prime factors of m?
2003
Let k(o) = 8*o**3 + 20*o**2 - o - 26. Let w(n) = -7*n**3 - 20*n**2 + n + 26. Let v(y) = 6*k(y) + 7*w(y). List the prime factors of v(-20).
2, 3
Let b(n) = 8*n**2 + 2*n - 3. Let o be b(-2). Let c = 39 + o. What are the prime factors of c?
2
Let a(m) = -m**3 + 2*m + 7. Let d be a(-2). Suppose 455 = -d*j + 2622. List the prime factors of j.
197
Let s(x) = -587*x**3 + x**2 + x - 1. List the prime factors of s(-1).
2, 293
Suppose -3092 = 3*v - 7*v - 4*d, -3*d = -5*v + 3857. What are the prime factors of v?
2, 193
Let a(u) = -149*u**3 - u**2 + u. Let c be a(1). Let r = 252 + c. What are the prime factors of r?
103
Suppose 0 = 20*n - 17*n - 765. Suppose -b = -4*b + n. List the prime factors of b.
5, 17
Let f(r) = 2*r**2 - r - 9. Let p be f(-4). Let m = p + -15. Suppose -185 = -m*j + 7*j. List the prime factors of j.
37
Let v = -9266 + 13868. List the prime factors of v.
2, 3, 13, 59
Let t = 3 - 1. Suppose -t*n - 18 = 2. Let i(q) = -q**2 - 15*q - 14. List the prime factors of i(n).
2, 3
Let y be (33 - 31)/((-202)/200 - -1). Let t = -92 - y. List the prime factors of t.
2, 3
Suppose 3*k - 6 = 9. Suppose 3*l - 21 + 4 = -4*g, k*l - 9 = 3*g. Suppose 16 + 0 = g*f. What are the prime factors of f?
2
Suppose 9*h = -2*n + 4*h, -5*h = -2*n. Suppose 9 = 3*v - n*v. Suppose -v*t = -m + 6*m - 121, 2*m + 118 = 4*t. List the prime factors of t.
2
Let h(n) = 13*n + 0*n**2 - 2*n**2 + 24 - 5*n**2 + 8*n**2. What are the prime factors of h(-14)?
2, 19
Let m(o) = o**2 + 3*o + 2. Let v be m(-4). Suppose -3*c + 8 = -c - u, 3*c = -3*u - v. Let j = 14 - c. What are the prime factors of j?
2, 3
Suppose 0 = 3*f - 2*l - 3*l + 13, -2*l + 2 = -2*f. Suppose -j + 152 + f = 0. Let g = j - 89. List the prime factors of g.
67
Let l(x) = 2*x - 18. Suppose 3*c - 6*t = -2*t - 12, 2*c = t - 3. Let h be l(c). What are the prime factors of (-6)/h - 40/(-6)?
7
Suppose -71*d = -72*d + 2008. What are the prime factors of d?
2, 251
Suppose 4*x - x - 9 = 0. Suppose 2*q = 2*i + 38, q + x*i = -1 + 4. Let z = q - 2. List the prime factors of z.
13
Suppose 7143 = -40*p + 29743. What are the prime factors of p?
5, 113
Let j = 528 + -300. What are the prime factors of j?
2, 3, 19
Let o(q) = -q**2 + 5*q + 21. Let b(j) = -j**2. Let t(i) = -2*b(i) + o(i). What are the prime factors of t(-5)?
3, 7
Let y = 224 - -110. List the prime factors of y.
2, 167
Let j be (2/3)/(3/(-27)). Let c = 7 + j. What are the prime factors of 3/(c - 140/152)?
2, 19
Let o = 1101 - -336. List the prime factors of o.
3, 479
Suppose -16 = -6*u + 2*u. Suppose 3*k - u*k = -32. Suppose -4*i - k = -104. List the prime factors of i.
2, 3
Let d = 634 - 432. What are the prime factors of d?
2, 101
List the prime factors of 360/(-75)*1175/(-5).
2, 3, 47
Suppose 4*u = -b + 7*u + 2176, 4*b = -5*u + 8653. What are the prime factors of b?
11, 197
Let b(u) = 110*u**2 + 84*u + 37. What are the prime factors of b(-7)?
3, 1613
Suppose 0 = -2*s - 0*s + 5*u + 321, -2*s = 5*u - 311. List the prime factors of s.
2, 79
List the prime factors of ((-8)/12)/(6/(-63))*60.
2, 3, 5, 7
Let v = 20 - 10. Suppose 0 = -0*n - 2*n + v. Suppose n*j = 2*t - 41, 3*t = 3*j - 0*j + 57. What are the prime factors of t?
2, 3
Suppose -p = -4*l + 7636, -4*p - 1648 = 3*l - 7375. What are the prime factors of l?
23, 83
Suppose 119*u - 4125 = 114*u. What are the prime factors of u?
3, 5, 11
Suppose -a - 3*n - 3351 = -6*a, -4*n + 2028 = 3*a. Suppose -16*r + 23*r = a. What are the prime factors of r?
2, 3
Let y(k) = 21*k. List the prime factors of y(27).
3, 7
Suppose 0 = -2*u + 2, 2*f - 3*f - 12 = 2*u. List the prime factors of 1026/42 - (-6)/f.
2, 3
Let t(d) = 25*d - 1. Let b = 12 - 11. Let l be t(b). List the prime factors of (9/(-3) - -2) + l.
23
Let r = -421 - -897. Suppose 7*i + r = 11*i. What are the prime factors of i?
7, 17
Let d be (4 - 84/8)/((-2)/28). Let l = -68 + d. List the prime factors of l.
23
Let t = 14 - 13. What are the prime factors of (-4)/1 + 287 + t?
2, 71
What are the prime factors of (-420)/(-140) + (-9976)/(-2)?
7, 23, 31
Suppose 5*h + 38*b - 34*b - 3205 = 0, 0 = -5*h - 2*b + 3195. List the prime factors of h.
7, 13
Let k(l) = -3 + 202*l + 5 - 4. What are the prime factors of k(1)?
2, 5
Suppose -77*w - 3012 = -89*w. List the prime factors of w.
251
Let p(a) = -62*a - 19. Let n be p(-2). Suppose 0 = 5*q - 180 + n. What are the prime factors of q?
3, 5
Suppose 4*u = -2*c + 428, -2*c - 128 = -2*u + 74. What are the prime factors of u?
3, 5, 7
Suppose -3*s = -2*o - 6, 0 = 3*s + 3 - 15. Suppose -2*d + 60 + 170 = 0. Suppose -r + 23 = -2*i, -2*r + 3*i + d = o*r. What are the prime factors of r?
23
Let t(f) = -729*f - 5. What are the prime factors of t(-1)?
2, 181
Let d = 27 - 22. Suppose 4*o = u - 3*u + 848, 0 = d*o + u - 1066. What are the prime factors of o?
2, 107
What are the prime factors of (187/(-3))/((-2338)/(-294) + -8)?
7, 11, 17
Let v = -725 + 1659. List the prime factors of v.
2, 467
Suppose 0 = -4*c + 9*c + 2*y - 8447, -1 = -y. What are the prime factors of c?
3, 563
Let c = 4846 - 2283. List the prime factors of c.
11, 233
Let s be (51 - (10 + -3)) + 5. Let j(d) = -35*d + 1. Let v be j(-2). Suppose -v - s = -5*o. What are the prime factors of o?
2, 3
Suppose -24 = -16*j + 8. Suppose 505 = j*p + 111. List the prime factors of p.
197
Let c be (0 + (-8)/(-10))*5. Suppose 3*z - 2*z - 39 = c*d, z = d + 6. Let v(o) = -o - 2. List the prime factors of v(d).
3
Let y = 2766 + -1959. List the prime factors of y.
3, 269
Let c be (75/(-10))/(3/4). Let j = c - -14. List the prime factors of 62*j/(-8)*-1.
31
Let l = 16 - 10. Suppose l - 2 = 4*q. List the prime factors of q*(64/4 - 2).
2, 7
Let b = -10 + 12. Let v be -36 - 4/(8/b). Let w = v + 54. List the prime factors of w.
17
Let z(r) = r**2 - 9*r + 11. Let j be z(6). Let b(h) = h**3 + 6*h**2 - 9*h - 9. What are the prime factors of b(j)?
5
Let g(q) = 45*q + 140. What are the prime factors of g(39)?
5, 379
Let v(i) = 6*i**3 - i**2 - 3*i + 2. What are the prime factors of v(4)?
2, 179
Let r = 3465 - 964. List the prime factors of r.
41, 61
Let t be 3 + 2/(-2) - -17. Let x = 10 - t. List the prime factors of 3*8 - (x - -11).
2, 11
Let p be 2 + -1 - (-7 - -3). Let f be 0 - -1 - (2 - p). Suppose -4 = -i - 4*h, 31 - 11 = 2*i - f*h. What are the prime factors of i?
2
Suppose -i - 224 = -744. List the prime factors of i.
2, 5, 13
Suppose -s - 42 = -5*k, 5*s - 41 = -5*k - 11. Suppose -5*p - 436 = -3*n, 5*p - k + 3 = 0. List the prime factors of n.
3, 7
Let t be 2 + (-2001)/(-12) - 4/(-16). Suppose -t - 487 = -4*m. What are the prime factors of m?
2, 41
Suppose 5*m - 3*m = 16. Let l(g) = 12*g + 15. List the prime factors of l(m).
3, 37
Let b(x) = -x**3 + 18*x**2 + 3. Let p be b(18). Suppose -3*w + 6*w - k = 123, 0 = -3*w - p*k + 111. List the prime factors of w.
2, 5
Suppose -518*x - 35586 = -536*x. What are the prime factors of x?
3, 659
Let o = -15 + 18. Suppose 5*a - 57 = 4*f, a - 29 = -0*f + o*f. What are the prime factors of f/(-10) + 1582/35?
2, 23
Let j(k) = k**3 + 6*k**2 - 6*k - 8. Let z be j(-7). Let p = z - -15. Suppose -s = -2*s - 2*x + 40, p = 3*s + x - 135. List the prime factors of s.
2, 23
Suppose 3*y + 7235 = 2*m, -3*y + 7214 = 2*m + y. What are the prime factors of m?
3613
Let b(w) = -w**3 + 18*w**2 - 9*w - 62. What are the prime factors of b(16)?
2, 3, 17
Let c(s) = s**3 + 12*s**2 - 14*s - 10. Let l be c(-1